-4
What is the value of -13 + (19 - (-5 + 22 + 2))?
-13
What is the value of 7 + (-1 - -4 - 1) + -22 + (170 - 198)?
-41
-92 - ((39 - -9) + -93)
-47
-221 - -213 - (17 - -1) - 2
-28
Evaluate 6 + (18 - 8) - (-60 + (23 - -14)).
39
Evaluate (-44 - (-4 + 6)) + 37 + 6 + -31.
-34
Evaluate 2 - (-13 - (-2 + (23 - 55))).
-19
Calculate (-1 - 96) + 26 + -93 + 92.
-72
Evaluate 5 + (3 + 1 - 3) - (92 + (0 - 20)).
-66
Evaluate (23 - 39) + 72 + (4 - (-2 - -15)).
47
What is 14 - (25 + -8 + (-25 - -42 - 33))?
13
What is the value of 51 - (2 - 0) - (-7308 - -7312)?
45
What is 4 - 3 - 77 - (3144 + -3144)?
-76
What is -7 + -9 + 78 - (7 + -1 - (-2 - -18))?
72
What is the value of 11 - (-130 - -77 - (-17 - -8 - -26))?
81
(3 + 38 - 72 - -78) + -15
32
-28 - (39 + (41 - 45))
-63
What is 7 + (35 - 66) + -3 + 13?
-14
Calculate 6 + -63 + (38 - 22) + -37 + 10.
-68
Evaluate 56 + (6 - 76) + (-14 - 58).
-86
Evaluate (5 - (-23 - -20 - 14)) + -13 + 132.
141
Evaluate 52 + (181 - 246) - (-36 - -1).
22
What is the value of -7 + -66 + 66 + (3 - 8) + -2 + 21?
7
What is the value of -7 + -1 + -2 - (28 + (2 - 43))?
3
Evaluate -1 + 78 - (6438 + -6300).
-61
What is the value of (-29 - -43) + (-1 - -4) + -7 + -24?
-14
What is (25 - (-68 + 114)) + (0 - (9 - 1))?
-29
Calculate (-67 - -103 - 1) + -39.
-4
-6 - 9 - (-218 - -212)
-9
What is the value of 24 - (0 - -8) - (38 + (-19 - -48))?
-51
0 - -9 - (-36 - 6 - -19)
32
What is -30 + -20 + -15 + 74?
9
Calculate 8 - (87 - (-20 - -1 - (-39 + 32))) - -5.
-86
115 + 16 + -89 + -76
-34
What is -104 + -1065 + 1081 + 3 + 1 + -5?
-89
What is the value of -104 - -31 - -25 - -7?
-41
What is -7 + 7 + -10 - (-13 + 4) - 46?
-47
What is the value of 14 - (10 - (-28 + 34)) - (-2 - 2)?
14
What is -3 + 3 + -5 + (32 - -29 - 28 - 102)?
-74
What is 282 + -229 + (-57 - -2)?
-2
What is 56 - ((-1 - 0) + 1 + 5522 + -5523)?
57
Evaluate -1748 - -1810 - (-3 + 1).
64
Evaluate -62 - 6 - -91 - 60.
-37
What is 12 + 19 + 23 + (-8 - 9)?
37
Calculate 12 - (217 + -183 + (0 - -1)) - -11.
-12
What is the value of -3 - (12 + -13) - (91 - -3 - (-1 + 4))?
-93
Calculate -2 + 4 - (70 - 36 - 39 - -10).
-3
Evaluate -6 + 30 - ((11 - 22) + 3).
32
What is 7 - (9 + (-4 + 24 - 24))?
2
Calculate (-4 - 61) + -17 + ((-9 - -14) + -5 - -14).
-68
-4 + (19 - (5 + 9)) + -13 + 0 + -60
-72
145 + (1 - 23 - 11) - 14
98
(155 - 40) + (83 - 133)
65
Evaluate (26 - 22 - -4) + 56 + 6 + 3.
73
What is 11 - -1 - (54 + -45 + 9) - (-2 + 0)?
-4
-2 - 2 - (-9 + 2 + (24 - 18))
-3
What is the value of 8 + -35 - ((23 - 19) + 4)?
-35
Evaluate -12 + 17 + -7 + 10 + (-1 - 38) - 3.
-34
Calculate (-2 - 73) + (-5230 - -5350).
45
What is -7 + (-9 - 11) - (22 + -5)?
-44
What is the value of (-569 + 208 - -242) + (18 - -1)?
-100
Evaluate 33 + 33 + -76 + 39.
29
What is the value of (-10 - 3) + 3 + -4 + 0 + 42?
28
Calculate (-22 + 29 - (-7 - -22)) + 1 + (0 - -74).
67
What is -37 + (67 - (-8 + 44))?
-6
What is the value of (1 - 6) + -3 + 11 + 2 - (-263 + 200)?
68
-8932 + 8903 - (-110 + 0)
81
What is -6 - 10 - 53 - (6 + (5 - (9 - 0)))?
-71
What is (36 - (41 + 24)) + 129 + 9?
109
Calculate 44 - (145 - 103 - (39 - -3)).
44
What is -3 - (-190 + 191 + 0 + (0 - (-2 - -3)))?
-3
Evaluate (31 - 1) + -128 + 132 + -132.
-98
27 - (28 + -51 - -117)
-67
What is the value of 12 - 0 - ((6 + 6 - -28) + -35)?
7
-6 + (23 - (23 + 2)) + -2 + 70 + -2
58
Calculate -3 - 2 - (12 + (16 - (14 - -16 - 10))).
-13
-2 + (-27 - 0) + -33 + 38 + -11
-35
Evaluate -29 - (-22 + 11 + -39).
21
Evaluate ((10 - 1) + 6 - 31) + -5.
-21
33 + -2 - (-51 + (-45 - -117)) - (-1 - -15)
-4
Evaluate 76 + -10 + (421 - 439).
48
What is (2 - (9 - 2)) + (-10 - (28 + -4)) + 2?
-37
Calculate -7 + (19 - -39) + -19.
32
Calculate 11963 + -11949 - (-3 + (4 - (1 - -2)) + 73).
-57
What is the value of -139 + (-41 - -170) - 111?
-121
What is the value of 602 + -598 + -4 + 18?
18
Calculate (-6 - (-7 + 5)) + 7 + 4 - (35 + -58).
30
Evaluate (110 - 98) + (14 - 6) + 10.
30
What is -47 + -86 + -42 + 130?
-45
What is the value of -77 + -38 + 88 + 16?
-11
What is the value of (282 - 257) + (-40 - -11)?
-4
1 + -11 + -9 + -12 + -14 + 28
-17
(-97 - -50) + 40 - 25
-32
What is the value of (8 - 0 - 6) + (-126 - -72)?
-52
Calculate (23 - 5 - 6 - 0) + (-1 - 38).
-27
What is the value of -125 - (-433 + 454 + (-58 - 5))?
-83
Calculate (-20 - (22 - -25)) + (-8 - (2 - 17)).
-60
What is the value of -1469 + 1505 + (2 - (-2 + 27))?
13
What is the value of -33 - ((6 - -12) + -6) - (-6 - 2)?
-37
Calculate (-14 - -2 - 0) + (-17 - (-130 - 14) - 45).
70
Evaluate 16 - (8 + 4 + 30).
-26
What is the value of -21 - (-13 - (17 - (105 + -44)))?
-52
What is 270 + -272 - (130 - (6 - (-4 - -6)) - -3)?
-131
Evaluate (47 - (5 - 4)) + (-1 - -1) + 5 + -4.
47
What is the value of (6 + 4 - 2) + 20 + -30 + 12?
10
What is the value of 73 - (99 - (-11 - -11))?
-26
(-111 - (-72 - -7)) + 54
8
Calculate 17 - ((10 + 134 - 7) + -18).
-102
Calculate (-1 - 0 - -28) + 3 + -21 + 27.
36
What is the value of (-10 - (36 + 26 + -89)) + (-1 - 97)?
-81
What is (-72 - -104) + -37 + 1 + -4?
-8
Calculate (-10 + 11 - (0 + 0 - -8)) + (-997 - -997).
-7
What is the value of -17 - (-42 + -41 - -13)?
53
What is -180 + 67 + -90 + 186?
-17
Evaluate -25 - (-28 - (-49 + 7)) - -68.
29
Evaluate 72 + -65 + (66 - 67) + 1 + 12.
19
162 + -177 + -3 + 56 + -20
18
-39 + -46 + (-35 - 1) + 78
-43
(-4 - -1) + (-2317 - -2341) + 21 + -1
41
What is (2 - 109) + 0 + (-7 + 27 - 7)?
-94
What is -12 + (9 + (2 - 20) - -12 - 22)?
-31
Evaluate 20 - ((117 - 68) + 19).
-48
Calculate (15 - 68) + (-1 - 4 - (-22 + 43 + -31)).
-48
What is the value of 22 - (57 + -53 + 1 + 15)?
2
Calculate (-1 - (-178 - -201)) + (-1 - 30).
-55
Calculate 13 + -60 + 40 + (21 - 4) - -47.
57
(-26 + (17 - 23) - -25) + (55 - 1) + 2
49
Calculate -15 + (4 - 12) + -64 - -9 - -11.
-67
What is the value of 15 + 37 + -22 + -49?
-19
17 + -18 + 64 + -5 + 10 - 13
55
Evaluate 73 + 3 - (-352 - -323) - (2 + -26).
129
What is the value of 11 - (-18 - -88) - -43?
-16
What is the value of 67 - 78 - 45 - (2 + 22)?
-80
Calculate -68 + 84 - -51 - 35.
32
Calculate (-81 - 8) + -12 - -44.
-57
What is the value of -101 + (-109 - (-77 - 243))?
110
(-15 - -2 - (127 - 88)) + 14 + -6
-44
Calculate -1 + 108 + 49 - 101.
55
What is the value of -3 - (1 + 1 + -31 + (986 - 1003))?
43
Evaluate (0 - 0) + 20 - (2890 - 2848).
-22
Calculate 19 - (28 - 34) - 10.
15
32 + -24 + (19 - (-28 - -7))
48
Calculate (-57 + 41 + 7 - -93) + -4.
80
What is the value of 1 + 0 + (197 - (0 - -142))?
56
What is 13 - (-17 - -32 - (3 - -15))?
16
-40 - (-3 - (26 - 18 - 42))
-71
Evaluate -19 + -70 + 14 + 33.
-42
2 + -31 + -6714 + 6660
-83
Evaluate (3 + 130 - 166) + (29 - -1).
-3
Calculate 2 + 0 - (85 - (-129 + 289)).
77
What is the value of -12 + (3 - 2) + (-31 + 96 - 29)?
25
What is (3 + (3 - 3) - (-4 + 7)) + (201 - 168)?
33
Calculate 44 + 28 + -74 + (12 - -1) - 23.
-12
Evaluate (-37 - -25) + (-15 - -46) + -100 + 3.
-78
What is the value of 178 - 163 - (-103 - -41)?
77
11 + (-22 - 59) + 11
-59
(20 + 84 - 86) + -15
3
Calculate -203 + 129 + 68 - (-1 + -15 + (-7 - -4)).
13
-16 + 6 + -3 + (-108 - -116)
-5
Calculate 72 - (40 + (-44 - (-1 + -23))).
52
What is -1 - 5 - (10 + 6) - (116 + -109)?
-29
What is 2 + -39 + (4 - -12) + 19?
-2
(2336 - 2281) + -55 + 0
0
Calculate -46 - (35 - (60 - -12)).
-9
Evaluate -132 - (-301 - (-87 - -17)).
99
Evaluate 5 + -1 + 18 + (-441 - -461).
42
What is the value of -276 + 278 + (12 - 9)?
5
What is -10 + (6 - (12 - 17 - 9)) + 1?
11
What is 7 + 5 + -1 + 24?
35
What is the value of -43 + (-5 - ((6 + -15 - -6 - -12) + -4))?
-53
What is 10 - (130 + -50 + (-11 - -1) - 8)?
-52
What is the value of (-217 - -63) + 112 + -79 + -1?
-122
-7 + 0 - (73 + (-112 - -78))
-46
-41 + 0 + 52 + 6
17
What is 1 + -19 - (3 + -18 + 21 + -20)?
-4
What is 56 - ((-24 + 4 - 5) + -21)?
102
Evaluate 145 + -54 - (9 - 2 - (24 + -12)).
96
Calculate -88 - (12 + -3 + -1 - (6 - -13)).
-77
What is the value of (20 + -21 - -4) + (-5 - -78) + (5 - 8)?
73
Evaluate (-73 + -52 - -119) + (-1 - -79).
72
What is the value of 36 - (9 - (-10 + (-3 - 10) + 19))?
23
What is the value of 11 + (10 + (-14 - -7) + 5 + 0 - -77)?
96
Evaluate 11 + (18 - 21) - (20 - ((-6 - -5) + -2)).
-15
Calculate (-15 - 7 - -2) + 7 - (-27 + -32).
46
(1 - -12) + (-192 - -183) - 6
-2
What is the value of -8 + (-14 - -16) 